{"id":41,"date":"2024-05-30T14:23:36","date_gmt":"2024-05-30T14:23:36","guid":{"rendered":"https:\/\/perfoscan.descormiers-test.com\/perfoscan\/?page_id=41"},"modified":"2024-05-30T15:29:18","modified_gmt":"2024-05-30T15:29:18","slug":"about","status":"publish","type":"page","link":"https:\/\/perfoscan.descormiers-test.com\/perfoscan\/about\/","title":{"rendered":"About"},"content":{"rendered":"\n<div class=\"wp-block-uagb-container uagb-block-1736da99 alignfull uagb-is-root-container\"><div class=\"uagb-container-inner-blocks-wrap\">\n<div class=\"wp-block-uagb-advanced-heading uagb-block-54c29c4c\"><h1 class=\"uagb-heading-text\">Gestion d&rsquo;\u00e9v\u00e9nements automobiles<\/h1><\/div>\n<\/div><\/div>\n\n\n\n<div class=\"wp-block-uagb-container uagb-block-6dfcf666 alignfull uagb-is-root-container\"><div class=\"uagb-container-inner-blocks-wrap\">\n<div class=\"wp-block-uagb-advanced-heading uagb-block-9d51af2e\"><h2 class=\"uagb-heading-text\">Notre histoire<\/h2><p class=\"uagb-desc-text\">Perfoscan est une plateforme novatrice qui aide les organisateurs et exposants d&rsquo;\u00e9v\u00e9nements automobiles \u00e0 g\u00e9rer efficacement leurs \u00e9v\u00e9nements, de la cr\u00e9ation \u00e0 la notation des voitures expos\u00e9es.<\/p><\/div>\n\n\n\n<div class=\"wp-block-uagb-image aligncenter uagb-block-b9a705d7 wp-block-uagb-image--layout-default wp-block-uagb-image--effect-static wp-block-uagb-image--align-center\"><figure class=\"wp-block-uagb-image__figure\"><img decoding=\"async\" srcset=\"https:\/\/perfoscan.descormiers-test.com\/perfoscan\/wp-content\/uploads\/2024\/05\/pexels-photo-16439645.jpeg ,https:\/\/perfoscan.descormiers-test.com\/perfoscan\/wp-content\/uploads\/2024\/05\/pexels-photo-16439645.jpeg 780w, https:\/\/perfoscan.descormiers-test.com\/perfoscan\/wp-content\/uploads\/2024\/05\/pexels-photo-16439645.jpeg 360w\" sizes=\"auto, (max-width: 480px) 150px\" src=\"https:\/\/perfoscan.descormiers-test.com\/perfoscan\/wp-content\/uploads\/2024\/05\/pexels-photo-16439645.jpeg\" alt=\"\" class=\"uag-image-13\" width=\"1200\" height=\"450\" title=\"\" loading=\"lazy\" role=\"img\"\/><\/figure><\/div>\n\n\n\n<div class=\"wp-block-uagb-advanced-heading uagb-block-47c9a283\"><p class=\"uagb-heading-text\">Fond\u00e9e en r\u00e9pondant au besoin du march\u00e9 des \u00e9v\u00e9nements automobiles, Perfoscan est n\u00e9e de la passion pour les voitures et l&rsquo;innovation technologique.<\/p><\/div>\n<\/div><\/div>\n\n\n\n<div class=\"wp-block-uagb-container uagb-block-2edf5ccf alignfull uagb-is-root-container\"><div class=\"uagb-container-inner-blocks-wrap\">\n<div class=\"wp-block-uagb-advanced-heading uagb-block-2ba7c3cc\"><h2 class=\"uagb-heading-text\">Nos valeurs<\/h2><p class=\"uagb-desc-text\">Des principes qui nous guident quotidiennement<\/p><\/div>\n\n\n\n<div class=\"wp-block-uagb-container uagb-block-5d6e2dff\">\n<div class=\"wp-block-uagb-container uagb-block-c621b129\">\n<div class=\"wp-block-uagb-info-box uagb-block-1fd67395 uagb-infobox__content-wrap  uagb-infobox-icon-above-title uagb-infobox-image-valign-top\"><div class=\"uagb-ifb-content\"><div class=\"uagb-ifb-icon-wrap\"><div class=\"uagb-iconbox-icon-wrap uagb-infobox-shape-circle\"><svg xmlns=\"https:\/\/www.w3.org\/2000\/svg\" viewBox=\"0 0 640 512\"><path d=\"M224 256c70.7 0 128-57.31 128-128S294.7 0 224 0C153.3 0 96 57.31 96 128S153.3 256 224 256zM274.7 304H173.3c-95.73 0-173.3 77.6-173.3 173.3C0 496.5 15.52 512 34.66 512H413.3C432.5 512 448 496.5 448 477.3C448 381.6 370.4 304 274.7 304zM479.1 320h-73.85C451.2 357.7 480 414.1 480 477.3C480 490.1 476.2 501.9 470 512h138C625.7 512 640 497.6 640 479.1C640 391.6 568.4 320 479.1 320zM432 256C493.9 256 544 205.9 544 144S493.9 32 432 32c-25.11 0-48.04 8.555-66.72 22.51C376.8 76.63 384 101.4 384 128c0 35.52-11.93 68.14-31.59 94.71C372.7 243.2 400.8 256 432 256z\"><\/path><\/svg><\/div><\/div><div class=\"uagb-ifb-title-wrap\"><h3 class=\"uagb-ifb-title\">Innovation<\/h3><\/div><p class=\"uagb-ifb-desc\">Nous repoussons les limites de la technologie pour offrir des solutions de gestion \u00e9v\u00e9nementielle uniques.<\/p><\/div><\/div>\n<\/div>\n\n\n\n<div class=\"wp-block-uagb-container uagb-block-bfe12ce2\">\n<div class=\"wp-block-uagb-info-box uagb-block-5e7063be uagb-infobox__content-wrap  uagb-infobox-icon-above-title uagb-infobox-image-valign-top\"><div class=\"uagb-ifb-content\"><div class=\"uagb-ifb-icon-wrap\"><div class=\"uagb-iconbox-icon-wrap uagb-infobox-shape-circle\"><svg xmlns=\"https:\/\/www.w3.org\/2000\/svg\" viewBox=\"0 0 576 512\"><path d=\"M384 160C366.3 160 352 145.7 352 128C352 110.3 366.3 96 384 96H544C561.7 96 576 110.3 576 128V288C576 305.7 561.7 320 544 320C526.3 320 512 305.7 512 288V205.3L342.6 374.6C330.1 387.1 309.9 387.1 297.4 374.6L191.1 269.3L54.63 406.6C42.13 419.1 21.87 419.1 9.372 406.6C-3.124 394.1-3.124 373.9 9.372 361.4L169.4 201.4C181.9 188.9 202.1 188.9 214.6 201.4L320 306.7L466.7 159.1L384 160z\"><\/path><\/svg><\/div><\/div><div class=\"uagb-ifb-title-wrap\"><h3 class=\"uagb-ifb-title\">Passion<\/h3><\/div><p class=\"uagb-ifb-desc\">Notre amour pour l&rsquo;automobile se refl\u00e8te dans chaque aspect de notre produit, de la conception \u00e0 l&rsquo;ex\u00e9cution.<\/p><\/div><\/div>\n<\/div>\n\n\n\n<div class=\"wp-block-uagb-container uagb-block-45ea846b\">\n<div class=\"wp-block-uagb-info-box uagb-block-a3bfed4e uagb-infobox__content-wrap  uagb-infobox-icon-above-title uagb-infobox-image-valign-top\"><div class=\"uagb-ifb-content\"><div class=\"uagb-ifb-icon-wrap\"><div class=\"uagb-iconbox-icon-wrap uagb-infobox-shape-circle\"><svg xmlns=\"https:\/\/www.w3.org\/2000\/svg\" viewBox=\"0 0 576 512\"><path d=\"M9.372 86.63C-3.124 74.13-3.124 53.87 9.372 41.37C21.87 28.88 42.13 28.88 54.63 41.37L246.6 233.4C259.1 245.9 259.1 266.1 246.6 278.6L54.63 470.6C42.13 483.1 21.87 483.1 9.372 470.6C-3.124 458.1-3.124 437.9 9.372 425.4L178.7 256L9.372 86.63zM544 416C561.7 416 576 430.3 576 448C576 465.7 561.7 480 544 480H256C238.3 480 224 465.7 224 448C224 430.3 238.3 416 256 416H544z\"><\/path><\/svg><\/div><\/div><div class=\"uagb-ifb-title-wrap\"><h3 class=\"uagb-ifb-title\">Efficacit\u00e9<\/h3><\/div><p class=\"uagb-ifb-desc\">Nous visons \u00e0 simplifier la gestion des \u00e9v\u00e9nements en offrant des outils complets et faciles d&rsquo;utilisation.<\/p><\/div><\/div>\n<\/div>\n\n\n\n<div class=\"wp-block-uagb-container uagb-block-d490bc9c\">\n<div class=\"wp-block-uagb-info-box uagb-block-553883f4 uagb-infobox__content-wrap  uagb-infobox-icon-above-title uagb-infobox-image-valign-top\"><div class=\"uagb-ifb-content\"><div class=\"uagb-ifb-icon-wrap\"><div class=\"uagb-iconbox-icon-wrap uagb-infobox-shape-circle\"><svg xmlns=\"https:\/\/www.w3.org\/2000\/svg\" viewBox=\"0 0 576 512\"><path d=\"M256 368C256 403.7 266.6 436.9 284.9 464.6L279.4 470.3C266.4 483.2 245.5 483.2 233.5 470.3L39.71 270.5C-16.22 212.5-13.23 116.6 49.7 62.68C103.6 15.73 186.5 24.72 236.5 75.67L256.4 96.64L275.4 75.67C325.4 24.72 407.3 15.73 463.2 62.68C506.1 100.1 520.7 157.6 507 208.7C484.3 198 458.8 192 432 192C334.8 192 256 270.8 256 368zM288 368C288 288.5 352.5 224 432 224C511.5 224 576 288.5 576 368C576 447.5 511.5 512 432 512C352.5 512 288 447.5 288 368zM432 464C445.3 464 456 453.3 456 440C456 426.7 445.3 416 432 416C418.7 416 408 426.7 408 440C408 453.3 418.7 464 432 464zM415.1 288V368C415.1 376.8 423.2 384 431.1 384C440.8 384 447.1 376.8 447.1 368V288C447.1 279.2 440.8 272 431.1 272C423.2 272 415.1 279.2 415.1 288z\"><\/path><\/svg><\/div><\/div><div class=\"uagb-ifb-title-wrap\"><h3 class=\"uagb-ifb-title\">Collaboration<\/h3><\/div><p class=\"uagb-ifb-desc\">Nous croyons en l&rsquo;importance de travailler ensemble pour atteindre des r\u00e9sultats exceptionnels.<\/p><\/div><\/div>\n<\/div>\n\n\n\n<div class=\"wp-block-uagb-container uagb-block-f0b61ec9\">\n<div class=\"wp-block-uagb-info-box uagb-block-f26e812b uagb-infobox__content-wrap  uagb-infobox-icon-above-title uagb-infobox-image-valign-top\"><div class=\"uagb-ifb-content\"><div class=\"uagb-ifb-icon-wrap\"><div class=\"uagb-iconbox-icon-wrap uagb-infobox-shape-circle\"><svg xmlns=\"https:\/\/www.w3.org\/2000\/svg\" viewBox=\"0 0 640 512\"><path d=\"M211.2 96C211.2 131.3 182.5 160 147.2 160C111.9 160 83.2 131.3 83.2 96C83.2 60.65 111.9 32 147.2 32C182.5 32 211.2 60.65 211.2 96zM32 256C32 220.7 60.65 192 96 192H192C204.2 192 215.7 195.4 225.4 201.4C188.2 216.5 159.8 248.6 149.6 288H64C46.33 288 32 273.7 32 256V256zM415.9 200.6C425.3 195.1 436.3 192 448 192H544C579.3 192 608 220.7 608 256C608 273.7 593.7 288 576 288H493.6C483.2 247.9 453.1 215.4 415.9 200.6zM391.2 226.4C423.3 233.8 449.3 257.3 460.1 288C463.7 298 465.6 308.8 465.6 320C465.6 337.7 451.3 352 433.6 352H209.6C191.9 352 177.6 337.7 177.6 320C177.6 308.8 179.5 298 183.1 288C193.6 258.3 218.3 235.2 249.1 227.1C256.1 225.1 265.1 224 273.6 224H369.6C377 224 384.3 224.8 391.2 226.4zM563.2 96C563.2 131.3 534.5 160 499.2 160C463.9 160 435.2 131.3 435.2 96C435.2 60.65 463.9 32 499.2 32C534.5 32 563.2 60.65 563.2 96zM241.6 112C241.6 67.82 277.4 32 321.6 32C365.8 32 401.6 67.82 401.6 112C401.6 156.2 365.8 192 321.6 192C277.4 192 241.6 156.2 241.6 112zM608 416C625.7 416 640 430.3 640 448C640 465.7 625.7 480 608 480H32C14.33 480 0 465.7 0 448C0 430.3 14.33 416 32 416H608z\"><\/path><\/svg><\/div><\/div><div class=\"uagb-ifb-title-wrap\"><h3 class=\"uagb-ifb-title\">Qualit\u00e9<\/h3><\/div><p class=\"uagb-ifb-desc\">L&rsquo;excellence est notre norme, et nous nous engageons \u00e0 fournir un produit fi\u00e8rement con\u00e7u.<\/p><\/div><\/div>\n<\/div>\n\n\n\n<div class=\"wp-block-uagb-container uagb-block-e9eb29bd\">\n<div class=\"wp-block-uagb-info-box uagb-block-871444c2 uagb-infobox__content-wrap  uagb-infobox-icon-above-title uagb-infobox-image-valign-top\"><div class=\"uagb-ifb-content\"><div class=\"uagb-ifb-icon-wrap\"><div class=\"uagb-iconbox-icon-wrap uagb-infobox-shape-circle\"><svg xmlns=\"https:\/\/www.w3.org\/2000\/svg\" viewBox=\"0 0 448 512\"><path d=\"M427.9 52.1c-20.13-20.23-47.58-25.27-65.63-14.77c-51.63 30.08-158.6-46.49-281 75.91c-122.4 122.4-45.83 229.4-75.91 281c-10.5 18.05-5.471 45.5 14.77 65.63c20.13 20.24 47.58 25.27 65.63 14.77c51.63-30.08 158.6 46.49 281-75.91c122.4-122.4 45.83-229.4 75.91-281C453.2 99.69 448.1 72.23 427.9 52.1zM211.9 127.5C167.6 138.7 106.7 199.6 95.53 243.9C93.69 251.2 87.19 255.1 79.1 255.1c-1.281 0-2.594-.1562-3.906-.4687C67.53 253.4 62.34 244.7 64.47 236.1c14.16-56.28 83.31-125.4 139.6-139.6c8.656-2.031 17.25 3.062 19.44 11.62C225.7 116.7 220.5 125.3 211.9 127.5z\"><\/path><\/svg><\/div><\/div><div class=\"uagb-ifb-title-wrap\"><h3 class=\"uagb-ifb-title\">Engagement<\/h3><\/div><p class=\"uagb-ifb-desc\">Nous sommes d\u00e9vou\u00e9s \u00e0 offrir un service client exceptionnel et \u00e0 r\u00e9pondre aux besoins de nos utilisateurs.<\/p><\/div><\/div>\n<\/div>\n<\/div>\n<\/div><\/div>\n\n\n\n<div id=\"download\" class=\"wp-block-uagb-container uagb-block-daf16a11 alignfull uagb-is-root-container\"><div class=\"uagb-container-inner-blocks-wrap\">\n<div class=\"wp-block-uagb-info-box uagb-block-b913d7ff uagb-infobox__content-wrap  uagb-infobox-icon-above-title uagb-infobox-image-valign-top wp-block-uagb-info-box--has-margin\"><div class=\"uagb-infobox-margin-wrapper\"><div class=\"uagb-ifb-content\"><div class=\"uagb-ifb-title-wrap\"><h2 class=\"uagb-ifb-title\">Pr\u00eat \u00e0 simplifier vos \u00e9v\u00e9nements automobiles?<\/h2><\/div><p class=\"uagb-ifb-desc\">D\u00e9couvrez comment Perfoscan peut am\u00e9liorer l&rsquo;organisation de vos \u00e9v\u00e9nements d\u00e8s aujourd&rsquo;hui.<\/p><\/div><\/div><\/div>\n\n\n\n<div class=\"wp-block-columns is-layout-flex wp-container-core-columns-is-layout-787ff1a5 wp-block-columns-is-layout-flex\" style=\"margin-top:0;margin-bottom:0;padding-top:0;padding-bottom:0\">\n<div class=\"wp-block-column is-layout-flow wp-block-column-is-layout-flow\">\n<div data-aos= \"fade\" data-aos-duration=\"400\" data-aos-delay=\"0\" data-aos-easing=\"ease\" data-aos-once=\"true\" class=\"wp-block-uagb-image aligncenter uagb-block-c11467b3 wp-block-uagb-image--layout-default wp-block-uagb-image--effect-static wp-block-uagb-image--align-center\"><figure class=\"wp-block-uagb-image__figure\"><a class=\"\" href=\"https:\/\/play.google.com\/store\/apps\/details?id=ca.perfoscan.app&amp;hl=fr&amp;pli=1\" target=\"\" rel=\"noopener\"><img decoding=\"async\" srcset=\"https:\/\/perfoscan.descormiers-test.com\/perfoscan\/wp-content\/uploads\/2024\/06\/Google-Play.webp ,https:\/\/perfoscan.descormiers-test.com\/perfoscan\/wp-content\/uploads\/2024\/06\/Google-Play.webp 780w, https:\/\/perfoscan.descormiers-test.com\/perfoscan\/wp-content\/uploads\/2024\/06\/Google-Play.webp 360w\" sizes=\"auto, (max-width: 480px) 150px\" src=\"https:\/\/perfoscan.descormiers-test.com\/perfoscan\/wp-content\/uploads\/2024\/06\/Google-Play.webp\" alt=\"\" class=\"uag-image-705\" width=\"320\" height=\"100\" title=\"Google Play\" loading=\"lazy\" role=\"img\"\/><\/a><\/figure><\/div>\n<\/div>\n\n\n\n<div class=\"wp-block-column is-layout-flow wp-block-column-is-layout-flow\">\n<div data-aos= \"fade\" data-aos-duration=\"400\" data-aos-delay=\"0\" data-aos-easing=\"ease\" data-aos-once=\"true\" class=\"wp-block-uagb-image aligncenter uagb-block-452f049a wp-block-uagb-image--layout-default wp-block-uagb-image--effect-static wp-block-uagb-image--align-center\"><figure class=\"wp-block-uagb-image__figure\"><a class=\"\" href=\"https:\/\/apps.apple.com\/in\/app\/perfoscan\/id1612304233\" target=\"\" rel=\"noopener\"><img decoding=\"async\" srcset=\"https:\/\/perfoscan.descormiers-test.com\/perfoscan\/wp-content\/uploads\/2024\/06\/App-Store.webp ,https:\/\/perfoscan.descormiers-test.com\/perfoscan\/wp-content\/uploads\/2024\/06\/App-Store.webp 780w, https:\/\/perfoscan.descormiers-test.com\/perfoscan\/wp-content\/uploads\/2024\/06\/App-Store.webp 360w\" sizes=\"auto, (max-width: 480px) 150px\" src=\"https:\/\/perfoscan.descormiers-test.com\/perfoscan\/wp-content\/uploads\/2024\/06\/App-Store.webp\" alt=\"\" class=\"uag-image-706\" width=\"320\" height=\"100\" title=\"App Store\" loading=\"lazy\" role=\"img\"\/><\/a><\/figure><\/div>\n<\/div>\n<\/div>\n<\/div><\/div>\n","protected":false},"excerpt":{"rendered":"<p>Gestion d&rsquo;\u00e9v\u00e9nements automobiles Notre histoire Perfoscan est une plateforme novatrice qui aide les organisateurs et exposants d&rsquo;\u00e9v\u00e9nements automobiles \u00e0 g\u00e9rer [&hellip;]<\/p>\n","protected":false},"author":1,"featured_media":0,"parent":0,"menu_order":0,"comment_status":"closed","ping_status":"closed","template":"","meta":{"_uag_custom_page_level_css":"","site-sidebar-layout":"default","site-content-layout":"","ast-site-content-layout":"default","site-content-style":"default","site-sidebar-style":"default","ast-global-header-display":"","ast-banner-title-visibility":"disabled","ast-main-header-display":"","ast-hfb-above-header-display":"","ast-hfb-below-header-display":"","ast-hfb-mobile-header-display":"","site-post-title":"disabled","ast-breadcrumbs-content":"","ast-featured-img":"","footer-sml-layout":"","theme-transparent-header-meta":"default","adv-header-id-meta":"","stick-header-meta":"","header-above-stick-meta":"","header-main-stick-meta":"","header-below-stick-meta":"","astra-migrate-meta-layouts":"set","ast-page-background-enabled":"default","ast-page-background-meta":{"desktop":{"background-color":"var(--ast-global-color-4)","background-image":"","background-repeat":"repeat","background-position":"center center","background-size":"auto","background-attachment":"scroll","background-type":"","background-media":"","overlay-type":"","overlay-color":"","overlay-opacity":"","overlay-gradient":""},"tablet":{"background-color":"","background-image":"","background-repeat":"repeat","background-position":"center center","background-size":"auto","background-attachment":"scroll","background-type":"","background-media":"","overlay-type":"","overlay-color":"","overlay-opacity":"","overlay-gradient":""},"mobile":{"background-color":"","background-image":"","background-repeat":"repeat","background-position":"center center","background-size":"auto","background-attachment":"scroll","background-type":"","background-media":"","overlay-type":"","overlay-color":"","overlay-opacity":"","overlay-gradient":""}},"ast-content-background-meta":{"desktop":{"background-color":"var(--ast-global-color-5)","background-image":"","background-repeat":"repeat","background-position":"center center","background-size":"auto","background-attachment":"scroll","background-type":"","background-media":"","overlay-type":"","overlay-color":"","overlay-opacity":"","overlay-gradient":""},"tablet":{"background-color":"var(--ast-global-color-5)","background-image":"","background-repeat":"repeat","background-position":"center center","background-size":"auto","background-attachment":"scroll","background-type":"","background-media":"","overlay-type":"","overlay-color":"","overlay-opacity":"","overlay-gradient":""},"mobile":{"background-color":"var(--ast-global-color-5)","background-image":"","background-repeat":"repeat","background-position":"center center","background-size":"auto","background-attachment":"scroll","background-type":"","background-media":"","overlay-type":"","overlay-color":"","overlay-opacity":"","overlay-gradient":""}},"footnotes":""},"class_list":["post-41","page","type-page","status-publish","hentry"],"uagb_featured_image_src":{"full":false,"thumbnail":false,"medium":false,"medium_large":false,"large":false,"1536x1536":false,"2048x2048":false},"uagb_author_info":{"display_name":"admin","author_link":"https:\/\/perfoscan.descormiers-test.com\/perfoscan\/author\/admin\/"},"uagb_comment_info":0,"uagb_excerpt":"Gestion d&rsquo;\u00e9v\u00e9nements automobiles Notre histoire Perfoscan est une plateforme novatrice qui aide les organisateurs et exposants d&rsquo;\u00e9v\u00e9nements automobiles \u00e0 g\u00e9rer [&hellip;]","_links":{"self":[{"href":"https:\/\/perfoscan.descormiers-test.com\/perfoscan\/wp-json\/wp\/v2\/pages\/41","targetHints":{"allow":["GET"]}}],"collection":[{"href":"https:\/\/perfoscan.descormiers-test.com\/perfoscan\/wp-json\/wp\/v2\/pages"}],"about":[{"href":"https:\/\/perfoscan.descormiers-test.com\/perfoscan\/wp-json\/wp\/v2\/types\/page"}],"author":[{"embeddable":true,"href":"https:\/\/perfoscan.descormiers-test.com\/perfoscan\/wp-json\/wp\/v2\/users\/1"}],"replies":[{"embeddable":true,"href":"https:\/\/perfoscan.descormiers-test.com\/perfoscan\/wp-json\/wp\/v2\/comments?post=41"}],"version-history":[{"count":3,"href":"https:\/\/perfoscan.descormiers-test.com\/perfoscan\/wp-json\/wp\/v2\/pages\/41\/revisions"}],"predecessor-version":[{"id":693,"href":"https:\/\/perfoscan.descormiers-test.com\/perfoscan\/wp-json\/wp\/v2\/pages\/41\/revisions\/693"}],"wp:attachment":[{"href":"https:\/\/perfoscan.descormiers-test.com\/perfoscan\/wp-json\/wp\/v2\/media?parent=41"}],"curies":[{"name":"wp","href":"https:\/\/api.w.org\/{rel}","templated":true}]}}